inder when 1198489 is divided by 5?
4
What is the remainder when 72360098 is divided by 50?
48
What is the remainder when 11855935 is divided by 11855929?
6
What is the remainder when 445744 is divided by 148140?
1324
What is the remainder when 592719 is divided by 84666?
57
What is the remainder when 61216 is divided by 360?
16
What is the remainder when 190522 is divided by 62167?
4021
What is the remainder when 35560488 is divided by 95?
88
What is the remainder when 9939678 is divided by 80?
78
Calculate the remainder when 550506 is divided by 7057.
60
Calculate the remainder when 7073811 is divided by 93.
45
Calculate the remainder when 1364616 is divided by 5820.
2736
Calculate the remainder when 1435806822 is divided by 51.
48
Calculate the remainder when 20810 is divided by 3863.
1495
Calculate the remainder when 1816985 is divided by 11079.
29
What is the remainder when 36474504 is divided by 2321?
2310
What is the remainder when 35618 is divided by 10915?
2873
What is the remainder when 56913 is divided by 18866?
315
Calculate the remainder when 450237 is divided by 8337.
39
What is the remainder when 9613138 is divided by 8?
2
Calculate the remainder when 40629341 is divided by 6771554.
17
What is the remainder when 12500929 is divided by 20228?
25
Calculate the remainder when 6165586 is divided by 2055173.
67
Calculate the remainder when 508622 is divided by 55.
37
What is the remainder when 2055887 is divided by 2060?
7
What is the remainder when 236441 is divided by 1987?
1975
What is the remainder when 160096 is divided by 1797?
163
What is the remainder when 5089713 is divided by 1017895?
238
Calculate the remainder when 629157 is divided by 377.
321
What is the remainder when 10788076 is divided by 397?
395
Calculate the remainder when 9668057 is divided by 3026.
3013
What is the remainder when 2558356 is divided by 66?
64
What is the remainder when 61986 is divided by 380?
46
Calculate the remainder when 83578074 is divided by 25.
24
What is the remainder when 20315087 is divided by 3841?
38
What is the remainder when 39665 is divided by 16141?
7383
What is the remainder when 20866821 is divided by 6073?
6066
Calculate the remainder when 793416 is divided by 370.
136
Calculate the remainder when 167326675 is divided by 289.
10
Calculate the remainder when 66113 is divided by 635.
73
Calculate the remainder when 674977 is divided by 4856.
4849
What is the remainder when 1175308 is divided by 14874?
262
Calculate the remainder when 9001772 is divided by 265.
252
What is the remainder when 8325134 is divided by 84?
62
What is the remainder when 33091 is divided by 1955?
1811
What is the remainder when 105254 is divided by 104927?
327
Calculate the remainder when 36846288 is divided by 1069.
1065
What is the remainder when 704369 is divided by 117261?
803
What is the remainder when 1076288 is divided by 4741?
81
What is the remainder when 86844225 is divided by 51?
48
Calculate the remainder when 71332291 is divided by 50.
41
What is the remainder when 915487 is divided by 299?
248
Calculate the remainder when 10114677 is divided by 88725.
27
Calculate the remainder when 13109826 is divided by 3233.
11
Calculate the remainder when 83871473 is divided by 2517.
2516
What is the remainder when 2671532 is divided by 944?
12
Calculate the remainder when 28450 is divided by 4815.
4375
Calculate the remainder when 88335961 is divided by 7361328.
25
Calculate the remainder when 47890844 is divided by 33.
23
What is the remainder when 34605024 is divided by 641?
639
What is the remainder when 80081 is divided by 11426?
99
Calculate the remainder when 63579 is divided by 63576.
3
Calculate the remainder when 61740719 is divided by 59.
51
What is the remainder when 37007654 is divided by 51?
14
What is the remainder when 570026 is divided by 1147?
1114
Calculate the remainder when 4470936 is divided by 1418.
1400
Calculate the remainder when 30286 is divided by 5990.
336
What is the remainder when 24490657 is divided by 10?
7
Calculate the remainder when 2701074 is divided by 64311.
12
Calculate the remainder when 6752241 is divided by 358.
3
What is the remainder when 237332 is divided by 14823?
164
What is the remainder when 7321291 is divided by 1885?
1836
What is the remainder when 69452 is divided by 9858?
446
Calculate the remainder when 11219472 is divided by 210.
12
What is the remainder when 252321 is divided by 46?
11
What is the remainder when 221626 is divided by 27446?
2058
What is the remainder when 237997 is divided by 46744?
4277
What is the remainder when 7023410 is divided by 18?
8
What is the remainder when 9234788 is divided by 4617375?
38
Calculate the remainder when 16090 is divided by 240.
10
Calculate the remainder when 40778810 is divided by 154465.
50
Calculate the remainder when 301390 is divided by 526.
518
What is the remainder when 352018 is divided by 157?
24
Calculate the remainder when 283252 is divided by 924.
508
What is the remainder when 2409490 is divided by 51?
46
Calculate the remainder when 865230 is divided by 1057.
604
What is the remainder when 3235043 is divided by 24?
11
What is the remainder when 2992837 is divided by 4922?
261
What is the remainder when 36773908 is divided by 46?
36
What is the remainder when 17155017 is divided by 519848?
33
What is the remainder when 362249 is divided by 75?
74
Calculate the remainder when 390672459 is divided by 2.
1
What is the remainder when 447538 is divided by 44620?
1338
What is the remainder when 883759 is divided by 11?
8
What is the remainder when 253818 is divided by 28114?
792
Calculate the remainder when 223534 is divided by 1113.
934
What is the remainder when 1935598 is divided by 340?
318
Calculate the remainder when 257700 is divided by 257364.
336
What is the remainder when 129423 is divided by 4173?
60
What is the remainder when 307873 is divided by 15393?
13
Calculate the remainder when 86925873 is divided by 6364.
6361
Calculate the remainder when 12377031 is divided by 136.
79
Calculate the remainder when 60999 is divided by 5032.
615
Calculate the remainder when 22130267 is divided by 218.
215
Calculate the remainder when 145461 is divided by 4692.
9
Calculate the remainder when 39306545 is divided by 2510.
2455
Calculate the remainder when 93709 is divided by 496.
461
Calculate the remainder when 5308276 is divided by 5450.
5426
What is the remainder when 2291081 is divided by 76361?
251
What is the remainder when 38686 is divided by 596?
542
Calculate the remainder when 89041408 is divided by 765.
763
What is the remainder when 2594182 is divided by 1290?
1282
What is the remainder when 162512 is divided by 81252?
8
Calculate the remainder when 17619372 is divided by 506.
452
What is the remainder when 3707024 is divided by 239?
134
Calculate the remainder when 7813377 is divided by 1953344.
1
Calculate the remainder when 1725961 is divided by 626.
79
Calculate the remainder when 44996 is divided by 22352.
292
Calculate the remainder when 500941 is divided by 1243.
12
What is the remainder when 16704 is divided by 16448?
256
Calculate the remainder when 485098 is divided by 147.
145
Calculate the remainder when 20623968 is divided by 797.
796
Calculate the remainder when 1464 is divided by 251.
209
What is the remainder when 17047 is divided by 2089?
335
What is the remainder when 4847258 is divided by 4367?
4255
What is the remainder when 11719078 is divided by 418?
30
What is the remainder when 4938388 is divided by 3339?
7
What is the remainder when 31413 is divided by 15629?
155
What is the remainder when 2100234 is divided by 350037?
12
What is the remainder when 7770392 is divided by 53961?
8
Calculate the remainder when 999187 is divided by 142278.
3241
Calculate the remainder when 309639691 is divided by 241.
240
Calculate the remainder when 133008 is divided by 10279.
9660
What is the remainder when 980656 is divided by 326795?
271
Calculate the remainder when 258964 is divided by 2490.
4
What is the remainder when 1351564 is divided by 571?
7
What is the remainder when 267564 is divided by 385?
374
What is the remainder when 14427170 is divided by 100?
70
Calculate the remainder when 23213195 is divided by 295.
235
What